z) = -z**2 - 15*z + 12. Let x be m(-16). Let l(q) = -q**3 - 3*q**2. What is l(x)?
16
Let z(w) be the third derivative of 0 - 3/2*w**3 + 1/60*w**5 + 0*w - 5/24*w**4 - 13*w**2. Give z(7).
5
Let k(p) = 22*p + 19*p - 41*p - 10 - p**3. Let n be (0 + 0)/(3 - 5). Calculate k(n).
-10
Suppose -2*z - x = -22, z + 2*x - 23 + 9 = 0. Suppose 0*a + 2*a + z = 0. Let f(j) = j**3 + 5*j**2 + 7. Calculate f(a).
7
Let k(z) = 2*z - 6. Suppose 0 = 2*a - 7*a + 70. Let c = -13 + a. Let g = 5 + c. Determine k(g).
6
Let k(a) = 28*a**2 + 2*a - 10. Let z(g) = 75*g**2 + 5*g - 29. Let w(r) = 8*k(r) - 3*z(r). Let m = -1 - -1. Determine w(m).
7
Let m(o) = -26 + 79 - 26 + 12*o - 27. Determine m(1).
12
Let m be (-3)/(-2) + 3/2. Let z be 2/(-3)*m*2. Let d(w) = 783*w**2 - 2*w - 395*w**2 + 2 - 389*w**2. Give d(z).
-6
Let n be (3/(-27) + (-4)/18)*0. Let i(y) be the second derivative of 0 + 1/12*y**4 - 1/6*y**3 - 5/2*y**2 + 1/20*y**5 + 2*y. Determine i(n).
-5
Let m be 8 - (0 + -2 + 6). Let r(l) = -7*l - l**2 - 3 - m + 1 + 0*l**2. Give r(-5).
4
Let m = -62 + 62. Let n(y) = -3 - 20*y**3 + y**3 + m + 2. Give n(-1).
18
Suppose -372*n = -370*n - 4. Let w(r) be the second derivative of 2/3*r**3 + 0 - 5/2*r**n + 6*r. Calculate w(4).
11
Let u(p) be the third derivative of p**6/120 + 2*p**5/15 - p**4/12 - 11*p**3/3 - p**2 - 268*p. Calculate u(-8).
-6
Suppose -3*l - 51 + 33 = 0. Let g(f) = -2*f - 23. Give g(l).
-11
Let c = 10 - 10. Suppose 0 = -c*s - 3*s. Let r(g) = 5 + 4*g + 0*g + s*g + 1. Determine r(-4).
-10
Let q(h) = -1 - 8*h + 6*h + h + 2*h. Suppose -3*g = g - 8. Suppose 5*w - 45 = -4*z, 0*w + g*w + z - 15 = 0. Determine q(w).
4
Let t(a) = a**2 + 15*a + 5. Let p be t(-14). Let k(r) = 7*r. Suppose m + 6 = -m, 5*j + 4*m - 8 = 0. Let w(z) = 14*z. Let u(f) = j*w(f) + p*k(f). What is u(1)?
-7
Let y(n) = -n**2 - 15*n - 25. Let c(u) = -11*u - 221. Let k be c(-19). Give y(k).
11
Let b(n) be the first derivative of 5*n - 9*n**2 + 11*n**2 - 16 - n**2. Calculate b(-4).
-3
Let y(q) be the third derivative of -q**5/60 + 7*q**4/24 + q**3/6 + 21*q**2. Suppose 4 = a - 0*a, w + 12 = 5*a. What is y(w)?
-7
Let h be (-12)/30*(-2 - (97 + 1)). Let y = h + -37. Let w(r) = -r**2 + 4*r - 1. Give w(y).
2
Let g(m) = m**2 + 6*m + 12. Let t(y) = y**2 + 7*y + 14. Let q(j) = -6*g(j) + 5*t(j). Give q(-3).
-8
Let t(j) be the third derivative of j**4/24 - j**3/2 - 5*j**2 + 9. What is t(10)?
7
Let r(g) = g - 2*g**2 - g**3 + g**2 - 4 + 4*g**2. Let f(o) be the second derivative of o**3/6 - 5*o**2 + o. Let i be f(13). Give r(i).
-1
Let u = 16 - -16. Suppose -8 + u = 4*k. Let b be ((-32)/k)/(-4)*-3. Let t(h) = -h**2 - 4*h + 4. Determine t(b).
4
Let o(a) = 10*a + 3 - 7 - 2 + 4 + 12 + a**2. Determine o(-8).
-6
Let j(s) be the first derivative of 5*s**2 + 4*s - 43. Let c(g) = -18*g - 7. Let k(h) = -3*c(h) - 5*j(h). Let x be 0 - (1/(-1) - 0). Calculate k(x).
5
Let z(o) = 5*o**3 + 9*o**2 - 5*o - 9. Let f(l) = -l**3 - l**2 + 2*l + 1. Let v(m) = 4*f(m) + z(m). Calculate v(-4).
-1
Let u = -53 - -76. Let t = -19 + u. Let z(g) = g**3 - 4*g**2 + g. Give z(t).
4
Let b(s) be the second derivative of -s**4/12 + s**3/6 + 2*s**2 - 84*s. Give b(-4).
-16
Let a(o) = -3*o**3 + 18*o**2 - 12*o + 69. Let q be a(6). Let r(g) = -g**3 + g**2. Let c(v) = -5*v**3 + 8*v**2 - 4. Let m(b) = c(b) - 6*r(b). Determine m(q).
-13
Let z(f) = 4*f + 10. Let d(c) = -c**3 + 19*c**2 - 77*c - 13. Let r be d(13). Give z(r).
10
Let y(m) = 2*m**2 - 19*m - 4. Let t(v) = v**2 - 13*v - 3. Let b(f) = -3*t(f) + 2*y(f). Give b(0).
1
Let t(h) = 10 - 12*h - 3 + 18*h - 10*h + 13. Determine t(10).
-20
Let z(k) = -3*k - 19. Let w be z(-8). Let f(t) = -t**2 + 4*t + 3. Let h(x) = 2*x**2 - 8*x - 7. Let a(l) = w*f(l) + 3*h(l). Calculate a(6).
6
Let v(y) be the third derivative of 1/3*y**4 + 5*y**2 + 1/90*y**6 - 1/120*y**5 + 0*y**3 + 0 + 0*y. Let z(t) be the second derivative of v(t). Give z(-1).
-9
Let d(h) be the third derivative of h**4/24 - 7*h**3/6 - h**2. Let c(f) = -45*f + 1445. Let a be c(32). What is d(a)?
-2
Let g(q) be the third derivative of -q**6/360 + q**5/20 + 5*q**4/12 + 8*q**3/3 + 16*q**2. Let a(b) be the first derivative of g(b). Give a(8).
-6
Let a(b) = b + 6. Let l = -37 + 25. Let d(r) = 0*r - 2*r - 9*r - r**2 + 7. Let k be d(l). What is a(k)?
1
Suppose -2 + 4 = j. Let z(x) = 0*x**2 + 2*x - x**j - 5*x. Let t(f) = -f**2 + 3*f - 3. Let q be t(3). Calculate z(q).
0
Let l = -2 - -4. Suppose 3*x + 21 = l*u, 2*x = -x - 5*u. Let t(f) be the third derivative of -f**4/8 - f**3 - 8*f**2 - 799*f. Calculate t(x).
9
Let r(m) = m**2 - 7*m - 33. Let q be r(-3). Let a(n) = n**3 + 2*n**2 - n - 2. Give a(q).
-8
Let w(d) = 7*d**2 + 12*d - 15. Let m(s) = -4*s**2 - 6*s + 8. Let j(u) = 5*m(u) + 3*w(u). Suppose 224*v - 222*v = 5*k + 40, 2*v + 16 = -2*k. Give j(k).
11
Suppose 0 = 4*n - a + 8, -a = -9 + 13. Let l be (-15)/n - 3 - -1. Let w(t) = t**3 - 2*t**2 - 3*t - 2. Determine w(l).
-2
Let b(l) = 20*l + 2. Let n be b(-1). Let y = n + 23. Let c(g) = -y - 6 - 1 + g + 2. What is c(6)?
-4
Suppose -y + 29 = -5*r, 3*y - 28 = 5*r + 9. Let o(q) = -2*q**3 + 9*q**2 - 6*q + 5. What is o(y)?
-3
Let t(m) be the second derivative of -5*m**3/6 + 3*m**2 + 712*m. What is t(2)?
-4
Let g be ((-4)/7)/(0 + (-8)/28). Let y(q) = -q**2 - q + 5. Let i be y(g). Let v(t) be the third derivative of -13*t**4/24 - t**3/6 + t**2. Give v(i).
12
Let a = 1 - 33. Let c be 46/8 - 8/a. Let k(i) = 6 - i - 2*i + 0*i**2 - 4*i + i**2. Determine k(c).
0
Let x(w) = -w**2 - 5*w + 1. Let m be x(-5). Suppose -4*t = -3*t + s + 7, 2*t - 3*s - m = 0. Let b(j) = -j**3 - 4*j**2 + 5. Determine b(t).
5
Let m(j) be the second derivative of j**4/12 - j**3/2 - 3*j**2 + 4*j - 8. What is m(-4)?
22
Let d(m) be the second derivative of m**4/6 + m**3/2 + 3*m**2/2 + 3*m. Let i = 12 + 4. Let c = 14 - i. Determine d(c).
5
Let b(y) = -y**2 - 7*y + 4. Let j be b(-8). Let l be (-7)/(-2) + 9/(-6). Let v(c) = c + c**2 + 2*c**2 + 2*c - l*c**2 - 1. Determine v(j).
3
Let l(x) = 2*x**3 - 13*x**2 - 12*x - 7. Let h(i) = -3*i**3 + 25*i**2 + 23*i + 14. Let b = -63 - -66. Let g(t) = b*h(t) + 5*l(t). Calculate g(-9).
7
Let b(r) = 6*r**3 - 7*r**2 + 8*r + 7. Let x(o) = o**3 + o + 1. Let q = -12 + 13. Let l(s) = q*b(s) - 5*x(s). Calculate l(6).
-16
Let d = 290 + -290. Let i(k) = 2*k + 2. Determine i(d).
2
Let z(x) = -x - 2. Let d be z(-7). Let b(w) = -13 + 3*w**3 - 6*w**3 + 2*w**3 + w**2 + 14 + 4*w**2. Determine b(d).
1
Let w(i) = -i**2 - 12*i - 5. Suppose -5*c + 93*n = 89*n + 41, -3*c + 2*n - 25 = 0. Determine w(c).
22
Let h(w) = 51 + 2*w - 30 - 24. Let a(m) = m - 2. Let f(g) = 5*a(g) - 2*h(g). What is f(6)?
2
Suppose 2*k + k + 6 = 3*a, 0 = 3*a + 5*k + 34. Let c(w) = -w - 6. What is c(a)?
-3
Let i(l) = l - 2. Let z = -107 - -67. Let c be ((-48)/z)/((-2)/(-5)). Calculate i(c).
1
Let v(y) = 22*y - 8*y + 17 - 8 - 3*y - 8. Let r be 18/4*2/3. Let j = r + -4. Give v(j).
-10
Let b(p) = 6*p**3 - 4*p**2 + 3*p - 2. Let g be 0/(-5) + 26 + -24. Determine b(g).
36
Suppose -2 = -36*y + 35*y. Let b(z) = 10*z - 4*z - 4*z + y. Determine b(-3).
-4
Let z = 1/33 - -7/11. Let y(u) be the third derivative of 4*u**2 + 0*u - z*u**3 + 1/60*u**5 - 7/24*u**4 + 0. Calculate y(6).
-10
Let c(r) = -r + 21. Let g(j) = -2*j - 13. Let n be g(-4). Let o(b) = b - 32. Let u(i) = n*o(i) - 8*c(i). Calculate u(6).
10
Let y = -37 + 42. Let g(o) = 0*o**2 - 5*o**2 + o**3 - o + 0*o**3 + 7 - 2. Calculate g(y).
0
Let a(f) = f**3 + 4*f**2 - 3*f + 9. Let b be a(-5). Let u(k) = -13*k**2 + 1. Give u(b).
-12
Let o(z) be the first derivative of 5*z**2/2 + 19. What is o(-1)?
-5
Let w be (-1 - (-86)/12*-4)*-3. Let y(l) = w*l**3 - 81*l**3 - 2*l - 1 + 0. Let m(s) = s**2 + 4*s - 1. Let i be m(-4). Determine y(i).
-7
Suppose 0 = 9*d - 8*d - 3. Let i(r) = r**2 - 5*r. Determine i(d).
-6
Let i(m) = 7*m**2 - 22*m + 11. Let g(x) = 15*x**2 - 47*x + 23. Let u(w) = 6*g(w) - 13*i(w). What is u(2)?
-1
Let l(u) = 3*u**2 + 30*u + 7. Let f = -2057 + 2047. What is l(f)?
7
Let y(h) = -h**2 - 7*h - 2. Let n = -108 - -110. Suppose 4*r + 23 = -n*q + 3*q, -5*q + 13 = -3*r. Calculate y(r).
4
Let t(c) be the second derivative of c**5/20 - c**4/12 + c**3/6 - 18*c**2 - 282*c. What is t(0)?
-36
Let g be -1 - 21 - -11 - -5. Let c(t) be the second derivative of t**3/6 - t. Let m(y) = y**2 - 2*y - 5. Let p(u) = 6*c(u) + m(u). Calculate p(g).
7
L